 = -l. Is l a prime number?
True
Let d = 907870 + -530289. Is d composite?
False
Suppose -1139500 - 2187822 + 872220 = -26*i. Is i a prime number?
True
Suppose 0 = -4*n + 3*m + 163702 + 586083, 3*n + 4*m = 562295. Is n composite?
False
Let b be 10/(-3)*(-15)/10. Let c = b + -6. Is (c*2)/((-26)/16237) a prime number?
True
Let v = 212977 - 113898. Is v a composite number?
False
Suppose -125 = -16*y + 115. Suppose -26049 = -4*d + n - 168, 3*n = -y. Is d a composite number?
False
Is ((-3)/3)/((-53)/10467871) prime?
True
Let f(j) = j**2 - 13*j + 27. Let d be f(11). Suppose 6*h = h - 2*i + 10, 0 = -d*h + 2*i + 10. Suppose -h*a - 1713 = -5*a. Is a a composite number?
False
Suppose 18*x - 377272 - 188110 = 1613590. Is x a composite number?
True
Let s(p) = 1727*p - 6. Let x be s(4). Suppose -4*t = -3*v - x, 2*v = -2*t + 205 + 3253. Is t a composite number?
True
Suppose 16*a + 41 = 41. Let b = -148 - -342. Is (-3 + a - 2)*(1 - b) a prime number?
False
Let c(o) be the second derivative of 4505*o**3/6 - 28*o**2 - o + 4. Is c(5) a composite number?
False
Suppose 2*b - 6*b = 4*r - 2328, 8 = -2*b. Suppose -w - 586 = -z, -2*w + z - r = 584. Let t = w - -1035. Is t a composite number?
True
Let s be (-2)/(-5) + (-32)/(-20). Let o = -3288 + 3283. Is 458 - (s - (6 + o)) a prime number?
True
Is (-114976792420)/(-32550) - (-2)/(-31) - (-2)/(-30) prime?
True
Let p(o) be the third derivative of o**6/120 + o**5/5 + o**4/2 - 11*o**3/6 - o**2 - 15. Let x(y) = -2*y - 2. Let r be x(3). Is p(r) composite?
False
Let b(q) = 4*q + 31. Let f be b(-19). Let y = -40 - f. Suppose -3*r + 8*r = -y*o + 410, 2*o - 167 = r. Is o composite?
False
Let m be (4336/(-6))/(-4 - (-11)/3). Suppose m = n + 3*x, 10*x - 5*x = 15. Is n a prime number?
False
Suppose 2*c = 3*s, 5*s = 3*s + 4*c - 8. Let j be s*8/(-20)*-5. Suppose -j*p + a = -3201, -2*p - 2*a = 2*p - 3186. Is p a prime number?
False
Let a(x) = 798*x**2 - 9*x + 8. Let v be a(6). Suppose -10813 = -3*w + v. Is w composite?
True
Suppose 63824805 = 57*y + 77*y + 31*y. Is y a composite number?
True
Let i(o) be the third derivative of 151*o**6/120 - o**5/10 + o**4/4 - o**3 - 33*o**2 - o. Is i(5) composite?
False
Let u(y) = -52*y**3 + 16*y**2 + 30*y + 511. Is u(-15) a prime number?
True
Suppose -659399 = -4*v + 3*y, -18 = -0*y + 2*y. Is v composite?
True
Suppose -5*d - 56 + 81 = 0. Suppose 5*m = -5*r + 6*r + 5355, -r - 5365 = d*m. Let q = -2133 - r. Is q composite?
True
Suppose -5*g + 4*g - 2*b = 2, -4 = -3*g - b. Suppose -g*o = 4*f - 580, -472 = -2*f - 5*o - 166. Is f composite?
True
Let y = -35 - -53. Suppose -22*z = -y*z - 4. Is z/2 + (-274)/(-4) prime?
False
Is (-26)/(-30) - 1 - (38 - 64763398/210) prime?
True
Let o = 599965 - 97793. Suppose -59*i + 15*i = -o. Is i a composite number?
True
Suppose 0 = -14*q + 4 + 24. Suppose 983 = u - 2*p, 4*u - q*p = -0*u + 3956. Is u composite?
False
Let m(y) = 3*y**2 - 2*y + 1. Let k be m(1). Let w be 1590/5*(-1)/k. Is 38*(-5)/(30/w) prime?
False
Suppose -5*u - 4*k = -550361, 140*u - 220148 = 138*u - k. Is u prime?
False
Let t(w) = 18524*w - 727. Is t(11) a prime number?
False
Is (-2 + 2 + 111)/(465452/66482 + -7) composite?
True
Let k be (4/190)/(7/35) + 42111108/(-741). Suppose -30 = -8*o + 3*o. Is o/(-8) - k/8 a composite number?
False
Suppose -1156310 = -5*p - 5*f, 93*p + 2*f = 96*p - 693786. Is p composite?
True
Is (-2 + (-450844)/(-12) + -6)*3/1 composite?
False
Is (1*-9 + 46138/69)*381 a prime number?
False
Is (552581/7)/(300/42 - (-8 - -15)) prime?
True
Suppose -6 + 0 = 2*g. Suppose -242 = 32*b - 146. Is g - (b + 2) - -249 composite?
True
Suppose 0 = -6*b - 188 + 206. Suppose b*c = -9*c + 17988. Is c a prime number?
True
Let q(m) = 227*m - 46. Let b be q(21). Suppose g = -4*z + 2*g + b, 2*z - 2357 = -3*g. Suppose -7*l = 3*l - z. Is l a composite number?
True
Suppose 0 = 3*n - 3*m - 1715258 - 1929580, -5*n + 6074729 = -4*m. Is n composite?
True
Let t(h) = h - 13. Let r be t(-8). Let i = r - -26. Suppose i*p - 1603 - 2707 = 0. Is p composite?
True
Let t(a) = -11495*a + 1803. Is t(-4) composite?
True
Suppose 11*g - 2926 = 10582. Suppose -g = -7*u + 2881. Is u prime?
True
Let s = 136 + -131. Suppose -4*z = -2*g + 435 + 63, -746 = -3*g + s*z. Is g a prime number?
False
Suppose -10*t + 99 = t. Suppose t*c - 1940 = 319. Is c prime?
True
Let a = -4846 + 6803. Let g = 9278 - a. Is g a prime number?
True
Suppose -3*q + 5*s - 37 = -6*q, 5*s = q + 21. Is q/(-6) + (-604162)/(-78) prime?
False
Let y be 1/2*(19 + -13). Suppose y*k = -t + 10237, 4*k = 5*t - t - 40980. Is t composite?
False
Suppose -48*y - 54*y + 3579037 = -25*y. Is y prime?
False
Let s = -92 - -104. Let h(n) = -16 - 719*n**2 - 2 + 721*n**2 + s*n - 41. Is h(-12) composite?
True
Let t be (-15)/3*3/(-5). Suppose 2421 = t*o - 924. Is o a prime number?
False
Suppose -56*f + 31180877 = 35*f. Is f a prime number?
True
Let y(m) = 62*m**2 - 277*m - 318. Is y(55) prime?
False
Let s(k) = 21*k**3 - 7*k**2 + 4*k + 9. Suppose -2*x + 13 = a, -4*a - 26 = -4*x + 18. Is s(x) prime?
False
Suppose -16 - 38 = -6*u. Let r(j) = -u + 22 - 107*j + 574*j + 0. Is r(2) a prime number?
True
Let n = -1184 - -2775. Is n prime?
False
Suppose v + 191*s = 196*s + 420681, -s = 2. Is v a prime number?
True
Suppose -998*l = -1014*l + 108320. Let s = 5 + -3. Suppose s*p = -3*p + l. Is p composite?
True
Let i = 1069 + 3140. Let h = i + 32. Is h composite?
False
Let r(n) = 11*n - 33. Let v be r(3). Suppose v = 2*k - 5497 - 1897. Is k prime?
True
Suppose 2*y + 18 = o - 0*y, -3*o + 51 = -3*y. Suppose o*l + 3399 = -16905. Let z = 2436 + l. Is z composite?
True
Let d = -165062 - -346741. Is d a composite number?
True
Suppose -9 + 45 = -4*v, 0 = -l + 2*v + 406887. Is l prime?
False
Let a = -263 - -483. Suppose a = -5*x + 2115. Is x prime?
True
Suppose -x - 1 + 7 = 0. Suppose 6*u = -f + 3*u - 13, 0 = 2*f + 2*u + x. Suppose 5*o + c = 4*c + 542, 5*c + 213 = f*o. Is o a composite number?
False
Let q = 8316 - -4733. Is q a composite number?
False
Let u(h) = h**2 - 3*h - 8. Let s be u(-6). Let f = s - 44. Suppose f*z - 3*g - 1088 = -2*z, 3*z - 4*g = 823. Is z prime?
True
Suppose 3*u + 5*d - 1 = 0, 2*u + d - 2 - 1 = 0. Suppose -4*v = 13 + 3, 3*c - 22489 = -u*v. Is c composite?
False
Suppose 3*b - 49558 = -d, -2*b - 5*d = -12880 - 20163. Is b prime?
True
Suppose 113*x + 8306077 = 128*x - 1013258. Is x prime?
True
Let x be 52/14 + (-2)/(-7). Suppose 3*m + x = 10. Suppose -m*r - 1117 = -5*b, -b - 3*b + 888 = 4*r. Is b a prime number?
True
Let s(b) = b**2 - 13*b - 10. Let n = 50 + -36. Let v be s(n). Suppose v*w = 3*g - 0*g - 2171, -5*w = g - 692. Is g a composite number?
True
Let m = -104 - -106. Suppose -m*w + 2896 + 2528 = 0. Suppose -2*g - 2*x = 3*x - w, -4*x - 8 = 0. Is g composite?
False
Suppose 12 + 13 = -5*n, b = 3*n + 138. Let p = -119 + b. Suppose 6856 = 2*i + i - u, 0 = -p*i - 3*u + 9163. Is i a prime number?
True
Suppose -5*d = -5*u + 1104100, -14*d = 3*u - 16*d - 662459. Is u a prime number?
False
Let r be (3/(-4)*-2)/(2/1668). Suppose a = -3*p + 2*a + 751, 5*p = a + r. Suppose -p = -o + 391. Is o composite?
False
Let g(c) = -c**2 + c + 16. Let w be g(0). Suppose -3*h + w = 7. Suppose -2*b - f + 818 = 0, -h*b + 5*f + 791 = -436. Is b a prime number?
True
Let v = -44313 - -65024. Is v composite?
True
Is (-169)/(13 - 0) + 244596 a composite number?
False
Is 18/(-4)*((-1400)/126 - -11)*2027510 a composite number?
True
Let n(m) be the first derivative of -40*m**2 - 49*m - 29. Is n(-13) composite?
False
Is (10041969/(-28))/(30/(-40)) prime?
True
Let w = -254806 - -772749. Is w a composite number?
True
Let s(f) = 1868*f**2 - 28*f - 70. Let c(i) = -623*i**2 + 9*i + 23. Let d = -62 + 55. Let h(r) = d*c(r) - 2*s(r). Is h(-4) a composite number?
False
Let u be 40/15*(43 - -2). Suppose u - 78481 = -23*t. Is t composite?
False
Let a = -371786 - -529367. Suppose 0 = -44*f + 83495 + a. Is f prime?
True
Suppose -15*a = -20*a + 420. Let i be 4 + -3 + 268 + 0. Let r = i - a. Is r prime?
False
Suppose -7*u - 35 = -70. Suppose -3*c = 3*q - 6*c - 16410, q + u*c = 5476. Is q a composite number?
False
Suppose -3*z = -6*z - 6. Let g be -1 + z + 6 + -1 - 1105. Let j = g + 2316. Is j composite?
False
Let k = 3 - -2. Suppose 4*g = y + 80, g - 15 = -y + k. Is 4/10 - ((-41032)/g - -1) a prime number?
False
